ase 15?
-17b
-89 (base 11) to base 12
-81
Convert 314 (base 11) to base 2.
101111010
What is 90 (base 11) in base 15?
69
1a (base 12) to base 15
17
1 (base 3) to base 12
1
-6b (base 15) to base 6
-245
2 (base 14) to base 4
2
Convert 2 (base 12) to base 7.
2
What is -4 (base 5) in base 6?
-4
What is 32 (base 6) in base 11?
19
What is -101010000 (base 2) in base 4?
-11100
What is 4 (base 12) in base 11?
4
144 (base 5) to base 12
41
-1 (base 3) to base 10
-1
What is -2 (base 6) in base 13?
-2
-100 (base 2) to base 15
-4
-3 (base 5) to base 13
-3
What is 20 (base 11) in base 2?
10110
-5 (base 9) to base 8
-5
Convert 17 (base 12) to base 6.
31
What is 22 (base 6) in base 4?
32
What is 86 (base 12) in base 7?
204
What is -3 (base 12) in base 5?
-3
What is 53 (base 16) in base 11?
76
Convert 52 (base 9) to base 2.
101111
-5 (base 11) to base 4
-11
Convert -33 (base 15) to base 8.
-60
Convert 5 (base 8) to base 16.
5
What is 2 (base 8) in base 11?
2
Convert -110 (base 5) to base 7.
-42
113 (base 6) to base 14
33
Convert -b (base 15) to base 8.
-13
Convert -2 (base 7) to base 13.
-2
Convert 118 (base 12) to base 4.
2210
2 (base 14) to base 11
2
1 (base 10) to base 11
1
117 (base 8) to base 16
4f
What is -1101 (base 2) in base 3?
-111
What is -11 (base 11) in base 2?
-1100
What is 4 (base 5) in base 8?
4
What is 38 (base 15) in base 14?
3b
-19 (base 13) to base 3
-211
-5 (base 13) to base 4
-11
What is -5 (base 15) in base 16?
-5
What is 110011 (base 2) in base 5?
201
What is 1 (base 14) in base 9?
1
What is -3 (base 11) in base 12?
-3
-11 (base 6) to base 9
-7
What is 100 (base 2) in base 15?
4
What is 14 (base 8) in base 16?
c
-1 (base 6) to base 4
-1
Convert -21 (base 11) to base 10.
-23
What is -2222 (base 4) in base 6?
-442
Convert -17 (base 11) to base 3.
-200
What is -10133 (base 4) in base 11?
-241
Convert -2 (base 10) to base 2.
-10
Convert -a (base 12) to base 14.
-a
What is 25 (base 10) in base 3?
221
What is -122 (base 4) in base 9?
-28
1 (base 13) to base 11
1
Convert c1 (base 15) to base 8.
265
What is 3 (base 15) in base 3?
10
36 (base 10) to base 12
30
Convert 39 (base 15) to base 2.
110110
1 (base 16) to base 3
1
What is 37 (base 14) in base 9?
54
What is 110010 (base 2) in base 6?
122
Convert a (base 16) to base 5.
20
-23 (base 14) to base 9
-34
What is -1 (base 3) in base 11?
-1
-400 (base 6) to base 10
-144
Convert -4 (base 5) to base 2.
-100
What is -100110 (base 2) in base 5?
-123
-3 (base 16) to base 2
-11
-4 (base 10) to base 9
-4
What is -51 (base 6) in base 7?
-43
3 (base 16) to base 5
3
Convert -242 (base 8) to base 7.
-321
What is -5 (base 6) in base 5?
-10
412 (base 6) to base 3
12122
What is 32 (base 14) in base 12?
38
What is 232 (base 6) in base 3?
10102
What is -2222 (base 3) in base 9?
-88
Convert -13 (base 16) to base 8.
-23
-9 (base 12) to base 16
-9
Convert -6 (base 15) to base 6.
-10
Convert 15 (base 6) to base 13.
b
What is -2 (base 9) in base 4?
-2
-2 (base 10) to base 9
-2
-111 (base 2) to base 4
-13
0 (base 7) to base 4
0
What is -1011 (base 5) in base 14?
-95
What is -6 (base 14) in base 11?
-6
Convert 15 (base 8) to base 15.
d
What is 8 (base 11) in base 15?
8
What is 3 (base 6) in base 14?
3
Convert 110 (base 2) to base 6.
10
-4 (base 16) to base 14
-4
-2220 (base 3) to base 10
-78
Convert 0 (base 12) to base 8.
0
Convert 11c (base 14) to base 15.
ec
-5 (base 16) to base 9
-5
What is -9 (base 13) in base 7?
-12
Convert 4 (base 12) to base 13.
4
Convert 12 (base 8) to base 5.
20
7 (base 12) to base 15
7
Convert 2 (base 3) to base 11.
2
Convert 11 (base 8) to base 6.
13
What is -14 (base 5) in base 7?
-12
What is -44 (base 6) in base 13?
-22
What is -333 (base 4) in base 5?
-223
61 (base 10) to base 14
45
Convert 4 (base 9) to base 13.
4
What is -515 (base 6) in base 5?
-1231
What is -2 (base 12) in base 5?
-2
Convert 2302 (base 4) to base 11.
152
What is 1 (base 15) in base 10?
1
Convert -1b (base 16) to base 3.
-1000
What is 1 (base 13) in base 9?
1
-152 (base 11) to base 12
-12a
Convert 5 (base 16) to base 8.
5
Convert 2 (base 7) to base 5.
2
-61 (base 7) to base 8
-53
What is 20 (base 7) in base 10?
14
13 (base 7) to base 11
a
What is 1112 (base 4) in base 8?
126
Convert -37 (base 12) to base 6.
-111
-2b (base 15) to base 10
-41
Convert -10101 (base 3) to base 6.
-231
Convert -2 (base 9) to base 12.
-2
What is 2101 (base 3) in base 7?
121
Convert 10 (base 6) to base 15.
6
What is 33 (base 4) in base 12?
13
What is 15 (base 16) in base 14?
17
Convert 6 (base 7) to base 4.
12
Convert 2 (base 16) to base 7.
2
What is 0 (base 5) in base 15?
0
Convert 12 (base 5) to base 12.
7
-14 (base 12) to base 4
-100
What is -6 (base 8) in base 2?
-110
Convert -62 (base 16) to base 13.
-77
-211 (base 3) to base 6
-34
-25 (base 9) to base 6
-35
What is 1021 (base 3) in base 9?
37
Convert -10 (base 4) to base 15.
-4
-372 (base 8) to base 3
-100021
-6 (base 10) to base 13
-6
What is -2 (base 10) in base 11?
-2
Convert 62 (base 7) to base 9.
48
Convert -25 (base 12) to base 14.
-21
What is -8 (base 11) in base 3?
-22
2 (base 15) to base 9
2
Convert 1 (base 13) to base 10.
1
20 (base 6) to base 5
22
-16 (base 9) to base 10
-15
What is 1 (base 15) in base 13?
1
Convert 101 (base 3) to base 10.
10
What is -4 (base 14) in base 11?
-4
Convert -10 (base 6) to base 10.
-6
What is -242 (base 9) in base 15?
-d5
Convert -21 (base 4) to base 11.
-9
Convert -9 (base 10) to base 7.
-12
Convert 12 (base 4) to base 9.
6
What is -8 (base 14) in base 7?
-11
6 (base 16) to base 7
6
Convert 62 (base 15) to base 16.
5c
What is -5 (base 6) in base 5?
-10
What is 25 (base 8) in base 5?
41
-2 (base 6) to base 10
-2
Convert 11 (base 6) to base 8.
7
What is 11001 (base 2) in base 3?
221
Convert 114 (base 5) to base 6.
54
Convert 82 (base 13) to base 12.
8a
54 (base 6) to base 16
22
Convert 55 (base 8) to base 9.
50
Convert 11 (base 6) to base 11.
7
b (base 14) to base 8
13
110 (base 2) to base 12
6
What is 19 (base 11) in base 13?
17
Convert 15 (base 11) to base 13.
13
120 (base 4) to base 5
44
What is -3 (base 11) in base 7?
-3
22 (base 16) to base 3
1021
What is 21 (base 3) in base 8?
7
-8 (base 9) to base 10
-8
Convert 70 (base 16) to base 12.
94
What is 312 (base 4) in base 7?
105
Convert 3 (base 15) to base 4.
3
What is -2 (base 3) in base 10?
-2
What is 1 (base 2) in base 6?
1
232 (base 8) to base 7
310
What is 4 (base 15) in base 10?
4
Convert 5 (base 16) to base 3.
12
What is -30 (base 13) in base 6?
-103
What is 0 (base 7) in base 12?
0
Convert 221 (base 12) to base 16.
139
Convert -15 (base 7) to base 10.
-12
What is 10 (base 3) in base 9?
3
What is 101 (base 2) in base 13?
5
Convert -5 (base 16) to base 6.
-5
0 (base 4) to base 5
0
Convert 1 (base 5) to base 15.
1
10 (base 2) to base 16
2
13 (base 5) to base 7
11
What is 3b (base 12) in base 14?
35
What is 40 (base 5) in base 6?
32
What is 2 (base 6) in base 14?
2
Convert -1 (base 11) to base 8.
-1
Convert -3 (base 11) to base 10.
-3
Convert -222 (base 4) to base 14.
-30
What is 3b (base 13) in base 6?
122
What is 14 (base 12) in base 2?
10000
240 (base 9) to base 7
402
Convert -2 (base 8) to base 14.
-2
What is 100 (base 13) in base 5?
1134
What is 15 (base 7) in base 10?
12
Convert 7 (base 8) to base 16.
7
What is 0 (base 15) in base 9?
0
Convert 144 (base 11) to base 6.
441
Convert -28 (base 15) to base 7.
-53
What is -141 (base 7) in base 4?
-1032
What is 4 (base 11) in base 16?
4
Convert 4a (base 16) to base 12.
62
2 (base 8) to base 12
2
What is 1 (base 3) in base 8?
1
What is -1120 (base 3) in base 15?
-2c
Convert 3 (base 7) to base 5.
3
What is -4 (base 8) in base 3?
-11
1111010 (base 2) to base 11
101
-55 (base 11) to base 3
-2020
Convert 9 (base 10) to base 2.
1001
-20 (base 6) to base 9
-13
1a (base 16) to base 7
35
Convert 52 (base 9) to base 15.
32
10 (base 3) to base 13
3
Convert -11 (base 5) to base 8.
-6
What is -211 (base 3) in base 2?
-10110
What is -4 (base 8) in base 13?
-4
Convert 2 (base 6) to base 5.
2
Convert -110001 (base 2) to base 11.
-45
What is 110011 (base 2) in base 9?
56
ca (base 15) to base 2
10111110
What is -12 (base 11) in base 7?
-16
What is -b (base 14) in base 13?
-b
Convert -5b (base 12) to base 10.
-71
What is 13 (base 5) in base 11?
8
What is 0 